z(-2). What is the highest common factor of 989 and p?
43
Suppose -15*m = -11*m - 36. Suppose 0 = -a + 30 + m. Calculate the greatest common factor of a and 156.
39
Suppose j + j = 4. Suppose -j*z + 10 = 3*z. Suppose y + 4*p + z = 0, -3*y + 2*y - 5*p = 5. Calculate the highest common divisor of y and 70.
10
Suppose 5*y = -5*s + 1010, -2*y + 3*y - 190 = 5*s. Suppose -y = 33*n - 38*n. What is the highest common factor of n and 320?
40
Let g = 108 - -46. What is the greatest common divisor of 70 and g?
14
Let i be (44/(-11))/(2*-1). Suppose i*m - 41 = -17. What is the highest common factor of 96 and m?
12
Suppose -2*q + 3*b = -50, q - 70 = -2*q + 2*b. Let v = q - 2. Suppose 6 = 3*u, 2*r + 5*u = -0*r + v. What is the greatest common divisor of 5 and r?
5
Let d = -34 - -509. What is the greatest common divisor of 95 and d?
95
Let r(p) = -3*p**3 - 34*p**2 + 18*p + 30. Let v be r(-12). Let a = 222 + -154. Calculate the highest common divisor of v and a.
34
Let x = 154 + -118. What is the greatest common factor of x and 54?
18
Suppose -5*f + 3*o = -100, -4*o = f - 5*o - 18. Let h(d) = 0 - f*d + 21*d - 4 - 2. Let j be h(-5). Calculate the greatest common factor of 4 and j.
4
Let t be 40 + (-3 - 2/(-1)) + -3. Let v be 56/12 + 2/6. Let m be -4*v/6*-27. What is the greatest common factor of m and t?
18
Let g be 1*(3/(-1) - -8). Suppose 0*c - 15 = -g*c. Let w(d) = d**2 - 8*d - 3. Let p be w(9). Calculate the highest common divisor of c and p.
3
Let n(t) be the third derivative of -t**6/60 - t**5/60 + t**4/24 + 2*t**3/3 - 49*t**2. Let s be n(-4). Calculate the greatest common factor of 16 and s.
16
Let u(q) be the third derivative of 2*q**4/3 - 5*q**3/6 - 7*q**2. Let i be u(2). Suppose 0*f = 3*f - i. What is the greatest common factor of 36 and f?
9
Suppose s = -3*r - 0*s + 46, 0 = -r - 2*s + 12. Suppose -b = -17 - 47. What is the greatest common factor of r and b?
16
Suppose 0 - 2 = -2*m. Suppose -6*t + 26 + 22 = 0. What is the highest common factor of m and t?
1
Suppose 9*r = -51 + 69. Let l = -5 + 1. Let s be (-70)/l*(-8)/(-10). What is the highest common divisor of r and s?
2
Let o = 13 - 5. Suppose 2*c - 132 = -c + 4*s, 2*s + 90 = 2*c. What is the greatest common factor of c and o?
8
Suppose 5*s + 3*l = 487, 2*s = -5*l + 118 + 73. Suppose -108*d = -103*d - 70. What is the highest common divisor of d and s?
14
Let j(v) = -v**3 - 9*v**2 - 19*v - 26. Let s be j(-7). Let k be (0 - 40)*3/(-4). Suppose 3*r - k = 24. Calculate the highest common divisor of r and s.
9
Let v(w) = -5*w - 7. Let f be v(-5). Suppose 10*h - 35 = 5*h. Let y be 880/h + 6/21. What is the highest common divisor of y and f?
18
Let x be 24/(-18) + 34/3. Suppose -m - 4*m + x = 0. Suppose m*r = -3*b + 129, -5*r + 2*r + 2*b = -161. What is the highest common factor of 19 and r?
19
Let w be (-20)/6*(-42)/4. Let s = 724 - 689. Calculate the highest common factor of s and w.
35
Suppose 2*s - 2*n - 2 = 0, 0*s - s - 4*n + 16 = 0. Suppose -5*g + s = -21. Suppose -210 = 66*x - 72*x. What is the greatest common divisor of g and x?
5
Let u(o) = 6*o + 24. Let z be u(-4). Let q(t) = -18 - t**2 + t**3 + 58 + 0*t**3 + 2*t. Let k be q(z). Calculate the highest common divisor of 10 and k.
10
Suppose -r = -2*i + i - 3, 4*r = -i + 22. Suppose j + 2*m = 72, -r*j - 77 = 2*m - 405. Let p be 2 + 3*2/1. What is the greatest common divisor of j and p?
8
Suppose 0 = -0*z + z - 8. Let o(t) = -1 + t**2 - 3*t + 2 - 2*t. Let p be o(z). Calculate the highest common divisor of p and 200.
25
Let b be (-2 + -5)/(1 + -2). Let s = b + 4. Suppose 4*a - a - 231 = 0. What is the greatest common factor of a and s?
11
Let x(c) = c**2 + 6*c - 11. Let u be x(-7). Let y be (9 - -2)/((-4)/u). What is the highest common divisor of y and 44?
11
Let i(a) = -a**3 - 35*a**2 - 99*a - 34. Let p be i(-32). Calculate the greatest common divisor of 589 and p.
31
Let k = -62 + 42. Let v = -28 - k. Let j = v + 34. Calculate the highest common factor of 286 and j.
26
Let x(h) = h**2 - 8*h + 11. Let n be x(8). Let m = n + -8. Let z = -21 + 54. Calculate the highest common factor of z and m.
3
Let d(g) = 3*g**2 + 21*g - 46. Let m be d(-9). Calculate the highest common factor of m and 392.
8
Suppose 4*c + 2 = 14. Suppose -5*s + 2388 = -4*k, k - 1148 - 775 = -4*s. Suppose -v - c*v = -s. What is the highest common divisor of 48 and v?
24
Let z(p) = -17*p + 182. Let m be z(-10). What is the highest common factor of 160 and m?
32
Suppose -15*k = -299 + 44. Calculate the greatest common factor of k and 221.
17
Let o(v) = v**2 + v + 2. Let u be o(3). Suppose -r = -5*i + 18, -6*r = i - r - u. Let b be (-12)/14*(-14)/i. What is the greatest common factor of b and 12?
3
Let b(s) = s**2 + 13*s - 64. Let v be b(6). What is the highest common divisor of 260 and v?
10
Let w be 21/6*(5 + (-150)/(-42)). Let l be 2 + -1 + (2 - -72). What is the greatest common divisor of l and w?
15
Suppose 2*z = 7*z. Let d(j) = j**3 - j + 189. Let b be d(z). Suppose -5*o + 72 + 33 = 0. Calculate the greatest common factor of b and o.
21
Let l be (-13)/(6 - 172/28). What is the highest common divisor of l and 13?
13
Let z(w) = w**2 + 9*w. Let r be z(-8). Let i be 1*-8*(0 - (-14)/r). What is the highest common factor of i and 2?
2
Suppose -5*u = t - 543, -5*u + 577 = 4*t + 25. Calculate the highest common divisor of 12 and u.
12
Let l(w) = -w**3 - 2*w**2 + 26*w + 2. Let b be l(4). Calculate the highest common factor of 26 and b.
2
Let q(n) = n**3 - 4*n**2 - 5*n - 2. Let a be q(5). Let i be -3*(-132)/(a - -6). Calculate the highest common divisor of i and 11.
11
Let l(h) = 2*h - 2 + 2 - h - 10. Let z be l(13). Let j be ((-32)/6)/((-4)/18). What is the highest common factor of z and j?
3
Let v(y) = 20*y**3 - 7*y**2 - 2*y - 5. Let m be v(4). Suppose 0*i = -5*i + m. What is the greatest common factor of 33 and i?
33
Let i = -211 - -247. What is the greatest common divisor of 84 and i?
12
Let i(u) = 3*u + 148*u**2 + 12 - 2*u - 2*u - 147*u**2. Let h be i(3). What is the greatest common factor of h and 18?
18
Let u be 3 - -2 - (-1968 - 110/(-10)). Calculate the greatest common factor of u and 18.
18
Let y = 735 - 683. What is the highest common factor of y and 2444?
52
Suppose 6636 = -28*q + 40124. What is the highest common divisor of q and 26?
26
Let s = 18 - 25. Let d(j) = j**2 + 9*j + 4. Let w be d(s). Let k = 1 - w. What is the highest common divisor of 121 and k?
11
Suppose 0 = 23*a - 1143 - 5297. Calculate the greatest common factor of 100 and a.
20
Suppose 0 = y - 3*y - 2*b + 132, 0 = 3*y - 5*b - 190. Calculate the greatest common factor of y and 39.
13
Suppose 3*k - 2*r = 436, 0*r - 280 = -2*k + 4*r. Let u(w) = -w**3 - 11*w**2 - 3*w + 4. Let d be u(-11). Calculate the greatest common divisor of k and d.
37
Suppose 25*t - 612 = 8*t. What is the highest common factor of 90 and t?
18
Let s = 154 - -15. Suppose 0 = 3*d - s - 47. Calculate the highest common divisor of d and 9.
9
Suppose 0 = -3*z + 26 + 121. Suppose -4*t = -z - 35. Let b(x) = -2*x - 3. Let o be b(-3). Calculate the highest common divisor of o and t.
3
Suppose -5*g - 2757 = -7062. Calculate the highest common divisor of g and 21.
21
Suppose 23*h - 32*h = -5544. Calculate the greatest common divisor of h and 77.
77
Suppose -3*c - 35 = -8*c + 2*g, 0 = 2*c - 3*g - 14. Let t be 12 + 0 - 8/(-4). What is the highest common divisor of c and t?
7
Let c(k) = -4*k - 11. Let p(g) = -g**2 - g + 15. Let o be p(-5). Let q be c(o). What is the highest common factor of 72 and q?
9
Suppose q - 3*a = 83, -q + 4*q - 5*a - 237 = 0. Calculate the highest common divisor of q and 111.
37
Let j be (-2)/(1/150*-4). What is the greatest common divisor of j and 50?
25
Suppose 2*a = -f + 4 - 1, 5*f = 3*a + 28. Suppose f*b - 50 = -4*n, b - 2*n - 19 = -n. What is the greatest common factor of b and 98?
14
Suppose 5*m + 3*l = -78, -2*m + 5*m = -5*l - 34. Let a = m - -63. Calculate the highest common factor of 9 and a.
9
Let t(j) = 92*j**2 + 38*j + 146. Let h be t(-5). What is the greatest common divisor of 32 and h?
16
Suppose -8*y - 184 = -10*y. Calculate the greatest common factor of 23 and y.
23
Let f be (-16)/(-8) - 2*-1. Suppose 3*h - 112 = -f*h. What is the greatest common factor of h and 128?
16
Let i(z) = z - 7 + 8*z + 0*z - z + z**3 - 